284?
-308
In base 12, what is 5a77 - 51?
5a26
In base 4, what is -1013123210 + 0?
-1013123210
In base 8, what is -1 + -267065?
-267066
In base 16, what is -2e83 - 4?
-2e87
In base 7, what is -44 + 204556?
204512
In base 10, what is -18237 - -96?
-18141
In base 12, what is 1a + 32262?
32280
In base 8, what is -16 + -124132?
-124150
In base 8, what is -67324 + -3?
-67327
In base 2, what is 1111101011100 - -10?
1111101011110
In base 8, what is 4 - 100432?
-100426
In base 11, what is 27 - -579?
5a5
In base 6, what is 4115 + -1002?
3113
In base 2, what is 100011100101010101 + 1?
100011100101010110
In base 15, what is 19 - -4246?
4260
In base 5, what is -1232 - 140?
-1422
In base 11, what is 1 - -7750?
7751
In base 4, what is -30 - -233202?
233112
In base 4, what is -10213013121 + -11?
-10213013132
In base 12, what is -11a7118 - 5?
-11a7121
In base 16, what is -1f6a + 13?
-1f57
In base 7, what is 34210105 + -3?
34210102
In base 13, what is 3 + 167?
16a
In base 10, what is 33 + 976?
1009
In base 6, what is -5 - 1504221?
-1504230
In base 13, what is 66712 - 4?
6670b
In base 4, what is -22211 + 323?
-21222
In base 3, what is 11002 - -20110022?
20121101
In base 4, what is 102112 + 310?
103022
In base 8, what is 64 + 11224?
11310
In base 13, what is 522c6 - 0?
522c6
In base 13, what is 635ab - 4?
635a7
In base 13, what is -8 + -5c971?
-5c979
In base 5, what is -242441 + 110?
-242331
In base 12, what is 2a211 + 5?
2a216
In base 10, what is 1270 + 0?
1270
In base 14, what is -4 + -8b305?
-8b309
In base 16, what is -2058 - 76?
-20ce
In base 2, what is 10000000101111 - 11000?
10000000010111
In base 13, what is 197 - -65?
22c
In base 6, what is -42 - 51530?
-52012
In base 10, what is 936 + -362?
574
In base 4, what is 12211 - -320?
13131
In base 13, what is -662bc4 + -4?
-662bc8
In base 14, what is 4 - -9c8?
9cc
In base 11, what is -5 + 69234?
6922a
In base 6, what is 111 - -1035312?
1035423
In base 14, what is -403d0 + 9?
-403c5
In base 11, what is 8 + 7473?
7480
In base 3, what is 1102 - -222202?
1001011
In base 11, what is -6 - -2aa57?
2aa51
In base 2, what is 11010 - -101110010001?
101110101011
In base 11, what is 5 - -447047?
447051
In base 15, what is 0 + 1ea82?
1ea82
In base 14, what is 871d - 1?
871c
In base 12, what is -a342 + 1?
-a341
In base 8, what is 10647462 - -2?
10647464
In base 14, what is 3 + -26c2?
-26bd
In base 8, what is -11254 - -17?
-11235
In base 2, what is 1010110 + -111110110100?
-111101011110
In base 3, what is -10001102200 - -12?
-10001102111
In base 14, what is 3 - -bcb9?
bcbc
In base 13, what is -688cac + 5?
-688ca7
In base 14, what is 2b3 + -9?
2a8
In base 13, what is 10aa7 - 5?
10aa2
In base 15, what is 20 - 176?
-156
In base 5, what is -1022141 - -403?
-1021233
In base 4, what is 102302030 - 220?
102301210
In base 8, what is 427 - 1273?
-644
In base 3, what is 21002202212 - -11?
21002210000
In base 9, what is -101432 - -1?
-101431
In base 6, what is 324 - 310?
14
In base 13, what is -3250 + 2c?
-3221
In base 8, what is 320 + 721?
1241
In base 3, what is -11011012 - -2110120?
-1200122
In base 13, what is -c0 + 17?
-a6
In base 10, what is 17 - 4206?
-4189
In base 15, what is 5 + 1aa5ea?
1aa600
In base 16, what is -5f + 97e5?
9786
In base 11, what is -1308 - -41?
-1277
In base 11, what is 380 - -114?
494
In base 3, what is 22121 + -1002?
21112
In base 13, what is -645 + 67?
-5ab
In base 8, what is -26376 - 3?
-26401
In base 4, what is 10 + 202203210?
202203220
In base 8, what is -236 - 21652?
-22110
In base 10, what is 165142 + 4?
165146
In base 9, what is -22746 + -5?
-22752
In base 15, what is -d1489 + -5?
-d148e
In base 10, what is 12530 + -17?
12513
In base 15, what is -1 + 5855?
5854
In base 3, what is -212212 - 20211?
-1010200
In base 11, what is -7 + 2975?
2969
In base 11, what is 8 + -204a82?
-204a75
In base 7, what is 2 - -432365?
432400
In base 5, what is -12104100 - 2?
-12104102
In base 14, what is b27 + -13?
b14
In base 13, what is -1 - -1982a?
19829
In base 14, what is 0 - 8885?
-8885
In base 8, what is 45 - -1050?
1115
In base 2, what is 100001100110100100 + -11101?
100001100110000111
In base 4, what is -133120 + 12?
-133102
In base 2, what is 110 - -10011010101000?
10011010101110
In base 10, what is 3248 - 111?
3137
In base 8, what is 110374 - -4?
110400
In base 16, what is -2 + a7d8?
a7d6
In base 4, what is -2122200 - 0?
-2122200
In base 9, what is 582650 + -5?
582644
In base 16, what is -78 + -173?
-1eb
In base 10, what is 39037 - 8?
39029
In base 2, what is 10 - -10100010001011001011?
10100010001011001101
In base 11, what is -5 + -26106?
-26110
In base 2, what is 100 - 111001001000100?
-111001001000000
In base 14, what is -1 + 43b42?
43b41
In base 9, what is -77451 - -120?
-77331
In base 15, what is 26d92 + 9?
26d9b
In base 12, what is -3 + -112a?
-1131
In base 8, what is 1431 + -711?
520
In base 7, what is 1522 + -14?
1505
In base 11, what is -331 + -149?
-47a
In base 16, what is 5 - -10f0?
10f5
In base 14, what is 388 - 8?
380
In base 14, what is d - -6d1?
700
In base 15, what is -2d41c + 5?
-2d417
In base 15, what is -15 - aa8?
-abd
In base 14, what is 4 + -b406a?
-b4066
In base 6, what is -4 - 21152133?
-21152141
In base 5, what is -341 - -444?
103
In base 9, what is -117 - -213?
85
In base 8, what is -1777 - 3432?
-5431
In base 7, what is 304 + -1611?
-1304
In base 3, what is 222200 + 2?
222202
In base 6, what is 1111532 + -5?
1111523
In base 5, what is 2 - 14431332?
-14431330
In base 14, what is -d + -495?
-4a4
In base 7, what is 6632 + -3400?
3232
In base 16, what is daff - -2?
db01
In base 15, what is -3024e + 1?
-3024d
In base 7, what is -53 - -5220?
5134
In base 2, what is 1110 + 10110100001110001110?
10110100001110011100
In base 4, what is -2032010 + -13?
-2032023
In base 3, what is -20020120120110 - 12?
-20020120120122
In base 2, what is -1011100 - 1010100?
-10110000
In base 6, what is 32 + 1201011?
1201043
In base 16, what is e - 465e?
-4650
In base 11, what is 901 - 42?
86a
In base 15, what is b0 + 194?
254
In base 6, what is 1 + 444000?
444001
In base 2, what is -100010001010 + 11000010101?
-1001110101
In base 8, what is -17057 - 67?
-17146
In base 7, what is 4163 + 16?
4212
In base 10, what is 61 - 319?
-258
In base 3, what is -20210000 - -2012?
-20200211
In base 16, what is -1 + -ad03c?
-ad03d
In base 16, what is -108 + 13?
-f5
In base 8, what is -44700 + -2?
-44702
In base 12, what is -1b - 5211?
-5230
In base 10, what is 11 - -1941?
1952
In base 10, what is -608 - 1315?
-1923
In base 5, what is -103 - -11302230?
11302122
In base 16, what is -19 - 74a3?
-74bc
In base 11, what is 4 - 53296?
-53292
In base 3, what is 1010 - -20001001210?
20001002220
In base 11, what is -2045 + -25a?
-22a4
In base 15, what is -2 - 1a4ec?
-1a4ee
In base 7, what is -121 - 2233?
-2354
In base 13, what is 20463 + -1?
20462
In base 6, what is 30415032 - -5?
30415041
In base 3, what is 10200200202 + -11?
10200200121
In base 8, what is -7 - -17152?
17143
In base 9, what is 20781 - -3?
20784
In base 14, what is 3b7 - -50d?
8c6
In base 11, what is -a931 + -2?
-a933
In base 3, what is 121222112102 - 10?
121222112022
In base 6, what is -41330513 + -3?
-41330520
In base 10, what is -49594 + 1?
-49593
In base 13, what is 19b3 - -4?
19b7
In base 4, what is 313310 + 0?
313310
In base 2, what is -11111100000 + -101?
-11111100101
In base 15, what is 530 - 1c0?
360
In base 14, what is 18595 - 1?
18594
In base 3, what is -111122 + 1022100?
210201
In base 3, what is 10010122202 + 2?
10010122211
In base 12, what is -5 + 57894?
5788b
In base 5, what is 144 + -12234?
-12040
In base 4, what is -230200013 - -100?
-230133313
In base 2, what is 101 + -11100100100110001?
-11100100100101100
In base 2, what is 10011101001011100 - -1001?
10011101001100101
In base 2, what is 100 - -1101101101001101011?
1101101101001101111
In base 13, what is 2 + 5998b?
59990
In base 5, what is 24240031 - 2?
24240024
In base 2, what is 1110001011110011 + -1?
1110001011110010
In base 7, what is -135654 - 0?
-135654
In base 4, what is 130002 - 1?
130001
In base 9, what is 347 + -2528?
-2171
In base 5, what is 120104021 - 3?
120104013
In base 5, what is -21101 + 1033?
-20013
In base 7, what is -564 + -53?
-650
In base 15, what is -8 + -1947?
-1950
In base 4, wh